hat are the prime factors of v?
2, 3, 53
Let k(i) = 9*i**2 + 2*i - 25. Let n(y) = 8*y**2 + 2*y - 25. Let l(w) = 5*k(w) - 6*n(w). Let a be l(5). Let c = 146 + a. List the prime factors of c.
2, 43
Suppose 33349 + 104096 = 7*r. Suppose 10*m + r = 21*m. List the prime factors of m.
3, 5, 7, 17
Suppose 6318702 = -4493*o + 4571*o. List the prime factors of o.
3, 9001
Let r(a) = 490*a**2 + 737*a + 4393. List the prime factors of r(-6).
11, 1601
Let g be (36/8)/(18/24). Let w(p) = g*p**2 + 2*p**2 - 2*p + 19*p**2. What are the prime factors of w(-1)?
29
Suppose -58*j + 18*j - 151718 = -1168598. What are the prime factors of j?
2, 3, 19, 223
Let j(s) = -13021*s - 85. What are the prime factors of j(-2)?
101, 257
Let w(d) = -271*d**3 - 5*d + 17. List the prime factors of w(-3).
7349
Let m(o) = -3*o - 3 + o**2 + 4 + 5*o. Let t be m(-4). Suppose t*a - 7*a - 44 = 0. What are the prime factors of a?
2, 11
Let d(z) = 2*z**2 - 14*z + 17. Suppose -y = 4*w + 5, 0*y - 4*w = 3*y + 15. Let m be ((-2)/y)/((-1)/(-30)). What are the prime factors of d(m)?
137
Let b(j) = -72 + 4*j - 66 + 144 + 8*j**2. List the prime factors of b(-4).
2, 59
Let w(j) = -1276*j - 5924. What are the prime factors of w(-47)?
2, 3, 563
Let z(q) be the third derivative of q**4/24 - 19*q**3/6 + 19*q**2. Let n be z(13). Let t = n + 54. What are the prime factors of t?
2, 3
Let j = -36 + 88. Suppose -28*w = -26*w - 44. Suppose 2*m - j = w. List the prime factors of m.
37
Let q(j) = 41 + 4*j - 116*j**3 - 6*j - 17*j**2 + 235*j**3 - 120*j**3. Let b(f) = -f**2 - 2*f - 2. Let v be b(3). List the prime factors of q(v).
3, 5
Suppose -40*f = 1334 - 584014. List the prime factors of f.
7, 2081
Suppose 456989 = u + 16*u - 42692. List the prime factors of u.
7, 13, 17, 19
Let b = 303 - 309. List the prime factors of (-2 + 0)/b + 1666/6.
2, 139
Let k = 107 - 43. Suppose k*s - 61*s - 342 = 0. List the prime factors of s.
2, 3, 19
Suppose 235*s - 226*s - 21501 = 0. List the prime factors of s.
2389
Let x(k) = k**2 + 13*k. Let v be x(-13). Suppose 0 = -v*a + 2*a - 3*o - 1775, -4500 = -5*a - 5*o. List the prime factors of a.
5, 179
Let w = 69 - 66. Suppose 4*j - 495 = w*n, -3*j - 34*n + 29*n = -364. What are the prime factors of j?
3, 41
Let d = 144 - 158. Let k(r) = r**3 + 15*r**2 + 2*r - 34. What are the prime factors of k(d)?
2, 67
Let m be ((-2)/(-3))/((-60)/765)*-106. Suppose 8*n - 7*n + 2*b - m = 0, -4*n = 2*b - 3604. What are the prime factors of n?
17, 53
Let c = -217 + 235. What are the prime factors of -1 - (-4)/3 - (-8508)/c?
11, 43
Let t = 8705 - 4974. List the prime factors of t.
7, 13, 41
Let n be (-4)/(4/(-977)) + 2. Let u = n + -672. Suppose 3*v = u + 113. List the prime factors of v.
2, 5, 7
Suppose -19208 = -p - h, -257*p + 261*p - 76844 = -2*h. List the prime factors of p.
2, 13, 739
Let a(q) = 2*q**2 - q + 6. Let w = -58 + 58. Let l be a(w). What are the prime factors of 735/l*4/5?
2, 7
Let k be ((-2)/6 - (-20)/15)*3. What are the prime factors of (-21)/k*2916/(-42)?
2, 3
Let f(d) = d**3 - 12*d**2 + 39*d + 5. Let z be f(8). Let m = z - -392. What are the prime factors of m?
3, 151
Suppose -3*t = -3, -12*t - 18422 = -4*i - 14*t. List the prime factors of i.
3, 5, 307
List the prime factors of ((-9350)/4760)/(1/(-9500)) + (-4)/(-14).
18661
Let j = -168 + 489. Let b = j - 283. What are the prime factors of b?
2, 19
Let a = 662 + -660. Suppose 2*d - 3*q + 4*q - 508 = 0, a*d - 506 = -2*q. List the prime factors of d.
3, 5, 17
Suppose 75*i - 483629 = -194729. List the prime factors of i.
2, 3, 107
Let h(n) = 49*n**3 + 6*n**2 - 10*n + 10. Let a = 643 - 641. What are the prime factors of h(a)?
2, 7, 29
Suppose -2*q - 12*q = -406. Suppose -21 = -10*a + q. Suppose -a*x = 4*l - 596, 3*l + 2*x - 552 = -98. List the prime factors of l.
2, 7, 11
Let m(t) be the third derivative of t**5/6 - 13*t**4/24 - 53*t**3/6 - t**2 + 17*t. List the prime factors of m(-7).
2, 3, 11
Let z(c) = -3*c**2 - 4 + 2 + 222*c**3 + 0*c - 2*c + 6 + 711*c**3. What are the prime factors of z(1)?
2, 233
Suppose 8*r + 13 = -35. Let b be ((-2)/(-9) + (-25)/45)*r. Suppose 571 = 5*k - 3*s, -b*s + 5*s = k - 119. List the prime factors of k.
113
Suppose -247*t - 21080 = -309*t. Let m be 1/3 - 41/(-3). Suppose -m*u = -2082 - t. What are the prime factors of u?
173
List the prime factors of (-30 - 0)*(19 - (-3084)/(-60)).
2, 3
Let x = -62 - -71. Suppose -4*d + 27 = -3*u - 5*d, -4*d - x = u. Let i(t) = t**2 + 7*t + 8. List the prime factors of i(u).
2, 13
Suppose 2*p - 5*b = 25081 + 771, -5*p + 3*b + 64668 = 0. What are the prime factors of p?
2, 3, 7, 11
Let g be 2/3 - 570/(-171). Suppose -2*s + 95 = -4*o - 351, -886 = -g*s + 5*o. What are the prime factors of s?
3, 73
Let q(t) = t**3 - 17*t**2 + 18*t + 2. Suppose 279 + 97 = 4*w. Let j = w - 78. What are the prime factors of q(j)?
2, 17
Suppose -39 = 2*b - 3*b. Let p = b + -70. Let x = 11 - p. What are the prime factors of x?
2, 3, 7
Suppose 7515*k - 7493*k = 382536. What are the prime factors of k?
2, 3, 7, 23
Let d(i) = i**3 + 32*i**2 - 59*i - 4. List the prime factors of d(-18).
2, 2797
Let j = -25 - -24. Let r = -89 + 86. List the prime factors of -4*(r - ((-44)/(-16) - j)).
3
Let i be (-5 - 0) + (-9)/((-9)/10). Suppose j - 1127 = 3*w, 0 = 13*j - 12*j - i*w - 1119. What are the prime factors of j?
17, 67
Suppose 2*t + 0*k + 2*k = 486, t = -2*k + 244. List the prime factors of t.
2, 11
Suppose 4*w - 5*b - 11 - 119 = 0, -w + 3*b = -29. Suppose 2*r - 7*r + 4*u = -w, -23 = -r + 4*u. Suppose -70 = -r*g - 2*g. List the prime factors of g.
2, 7
Let v = 25391 + -12936. What are the prime factors of v?
5, 47, 53
Suppose -75 + 680 = 11*m. Let y = 169 + -90. Suppose k - y = -4*n, -m = -k - 3*n + 5*n. What are the prime factors of k?
3, 7
Let o be 18/(-99) + (-6)/(-33). Suppose o = -4*h + 630 + 166. List the prime factors of h.
199
Suppose -11*g + 75 = 20. Suppose -g*h - 120 = -8*h. What are the prime factors of ((-213)/(-2))/(15/h)?
2, 71
Let m = 660 - 257. List the prime factors of m/124*(144 + 2 + 2).
13, 37
Let j(z) = 109*z + 7. Let i = 5 - 8. Let d be j(i). Let h = 470 + d. What are the prime factors of h?
2, 3, 5
Let i = 130 + -124. Suppose i*v = 49 + 23. What are the prime factors of ((-324)/10)/(v/(-30))?
3
Let j(m) = m**3 - 8*m**2 + 13*m + 20. Let b(s) = -s**3 - 2*s**2 + s + 1. Let u(d) = 3*b(d) - j(d). List the prime factors of u(-4).
311
Let m be 4/2 - -4 - (-4 + 6). Suppose -b - 205 = -0*b - m*w, 1063 = -5*b + w. Let p = b + 372. What are the prime factors of p?
3, 53
Let m = 3493 + 4435. What are the prime factors of m?
2, 991
Let a(o) = -o**3 - 4*o**2 + 98*o + 69182. What are the prime factors of a(0)?
2, 34591
Suppose 20*q + 17872 - 186712 = 0. List the prime factors of q.
2, 3, 7, 67
Suppose 0 = -3*y - 4*i + i + 9, 4*y = -3*i + 11. Suppose 4 = y*p - 2. Suppose -3*k = -5*r + 108, -2*r + p*k = -2 - 43. What are the prime factors of r?
3, 7
Let y(i) = 32 + 6*i**3 - 5*i**3 - 134 - 3*i**3 - 5*i + 18*i**2 + 3*i**3. What are the prime factors of y(-16)?
2, 5, 7
Suppose 3293348 + 672172 = 156*x. List the prime factors of x.
2, 5, 31, 41
List the prime factors of 874/8*((-72)/14)/(6/(-266)).
3, 19, 23
Suppose -15*y - 19 + 4 = 0. List the prime factors of (y/3)/(15/(-10440)).
2, 29
Let c(v) be the second derivative of v**3/3 + 14*v**2 + v. Let l be c(-13). List the prime factors of ((-87)/(-12))/(l/16).
2, 29
Suppose 44*c + 11130 = 46*c. Suppose 0 = -19*k + c - 93. What are the prime factors of k?
2, 3
Let a(q) = -q**3 - 36*q**2 - 34*q + 34. Let d be a(-35). List the prime factors of ((-1099)/21)/(d/12).
2, 157
Suppose -2*q + 32564 = 3*l - 22244, -4*q = 2*l - 36520. List the prime factors of l.
2, 9137
What are the prime factors of (26 + -2)*141827/56?
3, 20261
Suppose 0 = -4*m + 5*n - 356, -5*m + 2*n - 3*n = 474. Let s be (-802)/(-6) - (-9)/27. Let r = m + s. What are the prime factors of r?
2, 5
Suppose 4*p + 62 = -3*f - 17, -5*p = 5. Let r be (-105)/f + (-3)/15. Suppose -v = 5*i - 0*i - 368, 2*i = r*v + 156. List the prime factors of i.
2, 37
Let b be (-12)/(-10) + (5 - (-30247)/(-35)). Let h = b + 1695. List the prime factors of h.
3, 31
Let i = -163 - -314. Suppose -6*r + 1123 = i. What are the prime factors of r?
2, 3
Let k = 16508 - 11326. What are the prime factors of k?
2, 2591
